{"id":122,"date":"2026-03-30T19:02:55","date_gmt":"2026-03-30T19:02:55","guid":{"rendered":"https:\/\/acaisunsetfranquia.com.br\/landingpage\/?page_id=122"},"modified":"2026-03-30T19:12:14","modified_gmt":"2026-03-30T19:12:14","slug":"produtos","status":"publish","type":"page","link":"https:\/\/acaisunsetfranquia.com.br\/landingpage\/produtos\/","title":{"rendered":"Produtos"},"content":{"rendered":"\t\t<div data-elementor-type=\"wp-page\" data-elementor-id=\"122\" class=\"elementor elementor-122\" data-elementor-post-type=\"page\">\n\t\t\t\t<div class=\"elementor-element elementor-element-470e073 e-flex e-con-boxed e-con e-parent\" data-id=\"470e073\" data-element_type=\"container\" data-e-type=\"container\">\n\t\t\t\t\t<div class=\"e-con-inner\">\n\t\t\t\t<div class=\"elementor-element elementor-element-6862047 elementor-widget elementor-widget-heading\" data-id=\"6862047\" data-element_type=\"widget\" data-e-type=\"widget\" data-widget_type=\"heading.default\">\n\t\t\t\t\t<h2 class=\"elementor-heading-title elementor-size-default\">Nossos Deliciosos Produtos<\/h2>\t\t\t\t<\/div>\n\t\t<div class=\"elementor-element elementor-element-0386977 e-con-full e-grid e-con e-child\" data-id=\"0386977\" data-element_type=\"container\" data-e-type=\"container\">\n\t\t<div class=\"elementor-element elementor-element-0eb03a1 e-con-full e-flex e-con e-child\" data-id=\"0eb03a1\" data-element_type=\"container\" data-e-type=\"container\" data-settings=\"{&quot;background_background&quot;:&quot;classic&quot;}\">\n\t\t\t\t<div class=\"elementor-element elementor-element-7692f9f elementor-position-top elementor-widget elementor-widget-image-box\" data-id=\"7692f9f\" data-element_type=\"widget\" data-e-type=\"widget\" data-widget_type=\"image-box.default\">\n\t\t\t\t\t<div class=\"elementor-image-box-wrapper\"><figure class=\"elementor-image-box-img\"><img fetchpriority=\"high\" decoding=\"async\" width=\"252\" height=\"272\" src=\"https:\/\/acaisunsetfranquia.com.br\/landingpage\/wp-content\/uploads\/2026\/03\/Sem-Titulo-1-3-1.png\" class=\"attachment-full size-full wp-image-125\" alt=\"\" \/><\/figure><div class=\"elementor-image-box-content\"><h4 class=\"elementor-image-box-title\">A\u00e7a\u00ed Zero<\/h4><p class=\"elementor-image-box-description\">Sem adi\u00e7\u00e3o de a\u00e7\u00facar, mas com a mesma cremosidade e energia que voc\u00ea ama. Dispon\u00edvel em 300ml, 500ml ou 1L<\/p><\/div><\/div>\t\t\t\t<\/div>\n\t\t\t\t<\/div>\n\t\t<div class=\"elementor-element elementor-element-90aa81f e-con-full e-flex e-con e-child\" data-id=\"90aa81f\" data-element_type=\"container\" data-e-type=\"container\" data-settings=\"{&quot;background_background&quot;:&quot;classic&quot;}\">\n\t\t\t\t<div class=\"elementor-element elementor-element-2493ed6 elementor-position-top elementor-widget elementor-widget-image-box\" data-id=\"2493ed6\" data-element_type=\"widget\" data-e-type=\"widget\" data-widget_type=\"image-box.default\">\n\t\t\t\t\t<div class=\"elementor-image-box-wrapper\"><figure class=\"elementor-image-box-img\"><img decoding=\"async\" width=\"211\" height=\"279\" src=\"https:\/\/acaisunsetfranquia.com.br\/landingpage\/wp-content\/uploads\/2026\/03\/Sem-Titulo-1-3.png\" class=\"attachment-full size-full wp-image-124\" alt=\"\" \/><\/figure><div class=\"elementor-image-box-content\"><h4 class=\"elementor-image-box-title\">Copo Trufado A\u00e7a\u00ed Sunset<\/h4><p class=\"elementor-image-box-description\">Camadas generosas de a\u00e7a\u00ed cremoso, trufa deliciosa e os melhores acompanhamentos para voc\u00ea se deliciar. Escolha entre 300ml, 500ml ou 1L.<\/p><\/div><\/div>\t\t\t\t<\/div>\n\t\t\t\t<\/div>\n\t\t\t\t<\/div>\n\t\t\t\t<div class=\"elementor-element elementor-element-f100c81 elementor-widget elementor-widget-heading\" data-id=\"f100c81\" data-element_type=\"widget\" data-e-type=\"widget\" data-widget_type=\"heading.default\">\n\t\t\t\t\t<h2 class=\"elementor-heading-title elementor-size-default\">Seu A\u00e7a\u00ed Favorito Est\u00e1 Aqui!<\/h2>\t\t\t\t<\/div>\n\t\t\t\t<div class=\"elementor-element elementor-element-3dd6e90 elementor-widget elementor-widget-heading\" data-id=\"3dd6e90\" data-element_type=\"widget\" data-e-type=\"widget\" data-widget_type=\"heading.default\">\n\t\t\t\t\t<h2 class=\"elementor-heading-title elementor-size-default\">Explore nosso card\u00e1pio e escolha sua pr\u00f3xima combina\u00e7\u00e3o!<\/h2>\t\t\t\t<\/div>\n\t\t<div class=\"elementor-element elementor-element-4954934 e-con-full e-grid e-con e-child\" data-id=\"4954934\" data-element_type=\"container\" data-e-type=\"container\">\n\t\t<div class=\"elementor-element elementor-element-23105be e-con-full e-flex e-con e-child\" data-id=\"23105be\" data-element_type=\"container\" data-e-type=\"container\" data-settings=\"{&quot;background_background&quot;:&quot;classic&quot;}\">\n\t\t\t\t<div class=\"elementor-element elementor-element-256bc0b elementor-position-top elementor-widget elementor-widget-image-box\" data-id=\"256bc0b\" data-element_type=\"widget\" data-e-type=\"widget\" data-widget_type=\"image-box.default\">\n\t\t\t\t\t<div class=\"elementor-image-box-wrapper\"><figure class=\"elementor-image-box-img\"><img decoding=\"async\" width=\"211\" height=\"279\" src=\"https:\/\/acaisunsetfranquia.com.br\/landingpage\/wp-content\/uploads\/2026\/03\/Sem-Titulo-1-3.png\" class=\"attachment-full size-full wp-image-124\" alt=\"\" \/><\/figure><div class=\"elementor-image-box-content\"><h4 class=\"elementor-image-box-title\">Copo Trufado A\u00e7a\u00ed Sunset<\/h4><\/div><\/div>\t\t\t\t<\/div>\n\t\t\t\t<\/div>\n\t\t<div class=\"elementor-element elementor-element-01e499d e-con-full e-flex e-con e-child\" data-id=\"01e499d\" data-element_type=\"container\" data-e-type=\"container\" data-settings=\"{&quot;background_background&quot;:&quot;classic&quot;}\">\n\t\t\t\t<div class=\"elementor-element elementor-element-23ee814 elementor-position-top elementor-widget elementor-widget-image-box\" data-id=\"23ee814\" data-element_type=\"widget\" data-e-type=\"widget\" data-widget_type=\"image-box.default\">\n\t\t\t\t\t<div class=\"elementor-image-box-wrapper\"><figure class=\"elementor-image-box-img\"><img decoding=\"async\" width=\"281\" height=\"290\" src=\"https:\/\/acaisunsetfranquia.com.br\/landingpage\/wp-content\/uploads\/2026\/03\/Sem-Titulo-1-3-3.png\" class=\"attachment-full size-full wp-image-127\" alt=\"\" \/><\/figure><div class=\"elementor-image-box-content\"><h4 class=\"elementor-image-box-title\">Salada de Frutas<\/h4><\/div><\/div>\t\t\t\t<\/div>\n\t\t\t\t<\/div>\n\t\t<div class=\"elementor-element elementor-element-c0c6765 e-con-full e-flex e-con e-child\" data-id=\"c0c6765\" data-element_type=\"container\" data-e-type=\"container\" data-settings=\"{&quot;background_background&quot;:&quot;classic&quot;}\">\n\t\t\t\t<div class=\"elementor-element elementor-element-99daae9 elementor-position-top elementor-widget elementor-widget-image-box\" data-id=\"99daae9\" data-element_type=\"widget\" data-e-type=\"widget\" data-widget_type=\"image-box.default\">\n\t\t\t\t\t<div class=\"elementor-image-box-wrapper\"><figure class=\"elementor-image-box-img\"><img loading=\"lazy\" decoding=\"async\" width=\"273\" height=\"282\" src=\"https:\/\/acaisunsetfranquia.com.br\/landingpage\/wp-content\/uploads\/2026\/03\/Sem-Titulo-1-3-2.png\" class=\"attachment-full size-full wp-image-126\" alt=\"\" \/><\/figure><div class=\"elementor-image-box-content\"><h4 class=\"elementor-image-box-title\">Copo A\u00e7a\u00ed Sunset<\/h4><\/div><\/div>\t\t\t\t<\/div>\n\t\t\t\t<\/div>\n\t\t<div class=\"elementor-element elementor-element-2e12119 e-con-full e-flex e-con e-child\" data-id=\"2e12119\" data-element_type=\"container\" data-e-type=\"container\" data-settings=\"{&quot;background_background&quot;:&quot;classic&quot;}\">\n\t\t\t\t<div class=\"elementor-element elementor-element-cd07b22 elementor-position-top elementor-widget elementor-widget-image-box\" data-id=\"cd07b22\" data-element_type=\"widget\" data-e-type=\"widget\" data-widget_type=\"image-box.default\">\n\t\t\t\t\t<div class=\"elementor-image-box-wrapper\"><figure class=\"elementor-image-box-img\"><img loading=\"lazy\" decoding=\"async\" width=\"280\" height=\"289\" src=\"https:\/\/acaisunsetfranquia.com.br\/landingpage\/wp-content\/uploads\/2026\/03\/Sem-Titulo-1-3-5.png\" class=\"attachment-full size-full wp-image-128\" alt=\"\" \/><\/figure><div class=\"elementor-image-box-content\"><h4 class=\"elementor-image-box-title\">Salada Mix de Frango<\/h4><\/div><\/div>\t\t\t\t<\/div>\n\t\t\t\t<\/div>\n\t\t<div class=\"elementor-element elementor-element-32ab500 e-con-full e-flex e-con e-child\" data-id=\"32ab500\" data-element_type=\"container\" data-e-type=\"container\" data-settings=\"{&quot;background_background&quot;:&quot;classic&quot;}\">\n\t\t\t\t<div class=\"elementor-element elementor-element-e43e06f elementor-position-top elementor-widget elementor-widget-image-box\" data-id=\"e43e06f\" data-element_type=\"widget\" data-e-type=\"widget\" data-widget_type=\"image-box.default\">\n\t\t\t\t\t<div class=\"elementor-image-box-wrapper\"><figure class=\"elementor-image-box-img\"><img fetchpriority=\"high\" decoding=\"async\" width=\"252\" height=\"272\" src=\"https:\/\/acaisunsetfranquia.com.br\/landingpage\/wp-content\/uploads\/2026\/03\/Sem-Titulo-1-3-1.png\" class=\"attachment-full size-full wp-image-125\" alt=\"\" \/><\/figure><div class=\"elementor-image-box-content\"><h4 class=\"elementor-image-box-title\">A\u00e7a\u00ed Zero<\/h4><\/div><\/div>\t\t\t\t<\/div>\n\t\t\t\t<\/div>\n\t\t\t\t<\/div>\n\t\t\t\t\t<\/div>\n\t\t\t\t<\/div>\n\t\t\t\t<\/div>\n\t\t","protected":false},"excerpt":{"rendered":"<p>Nossos Deliciosos Produtos A\u00e7a\u00ed Zero Sem adi\u00e7\u00e3o de a\u00e7\u00facar, mas com a mesma cremosidade e energia que voc\u00ea ama. Dispon\u00edvel em 300ml, 500ml ou 1L Copo Trufado A\u00e7a\u00ed Sunset Camadas generosas de a\u00e7a\u00ed cremoso, trufa deliciosa e os melhores acompanhamentos para voc\u00ea se deliciar. Escolha entre 300ml, 500ml ou 1L. Seu A\u00e7a\u00ed Favorito Est\u00e1 Aqui! [&hellip;]<\/p>\n","protected":false},"author":1,"featured_media":0,"parent":0,"menu_order":0,"comment_status":"closed","ping_status":"closed","template":"elementor_header_footer","meta":{"footnotes":""},"class_list":["post-122","page","type-page","status-publish","hentry"],"_links":{"self":[{"href":"https:\/\/acaisunsetfranquia.com.br\/landingpage\/wp-json\/wp\/v2\/pages\/122","targetHints":{"allow":["GET"]}}],"collection":[{"href":"https:\/\/acaisunsetfranquia.com.br\/landingpage\/wp-json\/wp\/v2\/pages"}],"about":[{"href":"https:\/\/acaisunsetfranquia.com.br\/landingpage\/wp-json\/wp\/v2\/types\/page"}],"author":[{"embeddable":true,"href":"https:\/\/acaisunsetfranquia.com.br\/landingpage\/wp-json\/wp\/v2\/users\/1"}],"replies":[{"embeddable":true,"href":"https:\/\/acaisunsetfranquia.com.br\/landingpage\/wp-json\/wp\/v2\/comments?post=122"}],"version-history":[{"count":28,"href":"https:\/\/acaisunsetfranquia.com.br\/landingpage\/wp-json\/wp\/v2\/pages\/122\/revisions"}],"predecessor-version":[{"id":156,"href":"https:\/\/acaisunsetfranquia.com.br\/landingpage\/wp-json\/wp\/v2\/pages\/122\/revisions\/156"}],"wp:attachment":[{"href":"https:\/\/acaisunsetfranquia.com.br\/landingpage\/wp-json\/wp\/v2\/media?parent=122"}],"curies":[{"name":"wp","href":"https:\/\/api.w.org\/{rel}","templated":true}]}}