{"id":643,"date":"2026-04-09T18:29:06","date_gmt":"2026-04-09T18:29:06","guid":{"rendered":"https:\/\/acaisunsetfranquia.com.br\/landingpage\/?page_id=643"},"modified":"2026-04-10T18:25:54","modified_gmt":"2026-04-10T18:25:54","slug":"obrigado","status":"publish","type":"page","link":"https:\/\/acaisunsetfranquia.com.br\/landingpage\/obrigado\/","title":{"rendered":"Obrigado"},"content":{"rendered":"\t\t<div data-elementor-type=\"wp-page\" data-elementor-id=\"643\" class=\"elementor elementor-643\" data-elementor-post-type=\"page\">\n\t\t\t\t<div class=\"elementor-element elementor-element-68122a5 animated-slow e-flex e-con-boxed e-con e-child\" data-id=\"68122a5\" data-element_type=\"container\" data-e-type=\"container\" data-settings=\"{&quot;background_background&quot;:&quot;classic&quot;,&quot;animation&quot;:&quot;none&quot;,&quot;animation_mobile&quot;:&quot;none&quot;}\">\n\t\t\t\t\t<div class=\"e-con-inner\">\n\t\t\t\t<div class=\"elementor-element elementor-element-022603c elementor-widget__width-initial elementor-widget elementor-widget-image\" data-id=\"022603c\" data-element_type=\"widget\" data-e-type=\"widget\" data-widget_type=\"image.default\">\n\t\t\t\t\t\t\t\t\t\t\t\t\t\t\t\t<a href=\"https:\/\/auttenticasoldas.com.br\/%20\">\n\t\t\t\t\t\t\t<img fetchpriority=\"high\" decoding=\"async\" width=\"827\" height=\"711\" src=\"https:\/\/acaisunsetfranquia.com.br\/landingpage\/wp-content\/uploads\/2026\/03\/acai.webp\" class=\"attachment-full size-full wp-image-45\" alt=\"\" srcset=\"https:\/\/acaisunsetfranquia.com.br\/landingpage\/wp-content\/uploads\/2026\/03\/acai.webp 827w, https:\/\/acaisunsetfranquia.com.br\/landingpage\/wp-content\/uploads\/2026\/03\/acai-300x258.webp 300w, https:\/\/acaisunsetfranquia.com.br\/landingpage\/wp-content\/uploads\/2026\/03\/acai-768x660.webp 768w\" sizes=\"(max-width: 827px) 100vw, 827px\" \/>\t\t\t\t\t\t\t\t<\/a>\n\t\t\t\t\t\t\t\t\t\t\t\t\t\t\t<\/div>\n\t\t\t\t\t<\/div>\n\t\t\t\t<\/div>\n\t\t<div class=\"elementor-element elementor-element-34e0c1c e-flex e-con-boxed e-con e-parent\" data-id=\"34e0c1c\" data-element_type=\"container\" data-e-type=\"container\" data-settings=\"{&quot;background_background&quot;:&quot;classic&quot;}\">\n\t\t\t\t\t<div class=\"e-con-inner\">\n\t\t\t\t<div class=\"elementor-element elementor-element-3535698 elementor-align-center elementor-widget elementor-widget-button\" data-id=\"3535698\" data-element_type=\"widget\" data-e-type=\"widget\" data-widget_type=\"button.default\">\n\t\t\t\t\t\t\t\t\t\t<a class=\"elementor-button elementor-size-sm\" role=\"button\">\n\t\t\t\t\t\t<span class=\"elementor-button-content-wrapper\">\n\t\t\t\t\t\t\t\t\t<span class=\"elementor-button-text\">Diferenciais exclusivos:<\/span>\n\t\t\t\t\t<\/span>\n\t\t\t\t\t<\/a>\n\t\t\t\t\t\t\t\t<\/div>\n\t\t\t\t<div class=\"elementor-element elementor-element-08166cc elementor-widget__width-initial titulo elementor-widget elementor-widget-heading\" data-id=\"08166cc\" data-element_type=\"widget\" data-e-type=\"widget\" data-widget_type=\"heading.default\">\n\t\t\t\t\t<h2 class=\"elementor-heading-title elementor-size-default\">Voc\u00ea deu o primeiro passo\npara <span>faturar +R$1 milh\u00e3o<\/span><\/h2>\t\t\t\t<\/div>\n\t\t\t\t<div class=\"elementor-element elementor-element-f95815b elementor-widget__width-initial elementor-widget elementor-widget-heading\" data-id=\"f95815b\" data-element_type=\"widget\" data-e-type=\"widget\" data-widget_type=\"heading.default\">\n\t\t\t\t\t<h2 class=\"elementor-heading-title elementor-size-default\">Nossa equipe comercial j\u00e1 recebeu seu contato e entrar\u00e1 em touch com voc\u00ea em at\u00e9 24 horas com uma proposta personalizada para a sua cidade.<\/h2>\t\t\t\t<\/div>\n\t\t<div class=\"elementor-element elementor-element-e254f3a e-con-full e-flex elementor-invisible e-con e-child\" data-id=\"e254f3a\" data-element_type=\"container\" data-e-type=\"container\" data-settings=\"{&quot;background_background&quot;:&quot;classic&quot;,&quot;animation&quot;:&quot;fadeInUp&quot;}\">\n\t\t\t\t<div class=\"elementor-element elementor-element-edd3053 elementor-widget__width-initial titulomarrom elementor-widget elementor-widget-heading\" data-id=\"edd3053\" data-element_type=\"widget\" data-e-type=\"widget\" data-widget_type=\"heading.default\">\n\t\t\t\t\t<h1 class=\"elementor-heading-title elementor-size-default\">01<\/h1>\t\t\t\t<\/div>\n\t\t\t\t<div class=\"elementor-element elementor-element-ba3f203 elementor-widget elementor-widget-icon-box\" data-id=\"ba3f203\" data-element_type=\"widget\" data-e-type=\"widget\" data-widget_type=\"icon-box.default\">\n\t\t\t\t\t\t\t<div class=\"elementor-icon-box-wrapper\">\n\n\t\t\t\n\t\t\t\t\t\t<div class=\"elementor-icon-box-content\">\n\n\t\t\t\t\t\t\t\t\t<div class=\"elementor-icon-box-title\">\n\t\t\t\t\t\t<span  >\n\t\t\t\t\t\t\tAn\u00e1lise do seu perfil\t\t\t\t\t\t<\/span>\n\t\t\t\t\t<\/div>\n\t\t\t\t\n\t\t\t\t\t\t\t\t\t<p class=\"elementor-icon-box-description\">\n\t\t\t\t\t\tVamos revisar suas informa\u00e7\u00f5es e preparar a melhor proposta para a sua cidade e capital dispon\u00edvel.\t\t\t\t\t<\/p>\n\t\t\t\t\n\t\t\t<\/div>\n\t\t\t\n\t\t<\/div>\n\t\t\t\t\t\t<\/div>\n\t\t\t\t<\/div>\n\t\t<div class=\"elementor-element elementor-element-34f67c0 e-con-full e-flex elementor-invisible e-con e-child\" data-id=\"34f67c0\" data-element_type=\"container\" data-e-type=\"container\" data-settings=\"{&quot;background_background&quot;:&quot;classic&quot;,&quot;animation&quot;:&quot;fadeInUp&quot;}\">\n\t\t\t\t<div class=\"elementor-element elementor-element-2fd9978 elementor-widget__width-initial titulomarrom elementor-widget elementor-widget-heading\" data-id=\"2fd9978\" data-element_type=\"widget\" data-e-type=\"widget\" data-widget_type=\"heading.default\">\n\t\t\t\t\t<h1 class=\"elementor-heading-title elementor-size-default\">02<\/h1>\t\t\t\t<\/div>\n\t\t\t\t<div class=\"elementor-element elementor-element-4d6650e elementor-widget elementor-widget-icon-box\" data-id=\"4d6650e\" data-element_type=\"widget\" data-e-type=\"widget\" data-widget_type=\"icon-box.default\">\n\t\t\t\t\t\t\t<div class=\"elementor-icon-box-wrapper\">\n\n\t\t\t\n\t\t\t\t\t\t<div class=\"elementor-icon-box-content\">\n\n\t\t\t\t\t\t\t\t\t<div class=\"elementor-icon-box-title\">\n\t\t\t\t\t\t<span  >\n\t\t\t\t\t\t\tContato em at\u00e9 24h\t\t\t\t\t\t<\/span>\n\t\t\t\t\t<\/div>\n\t\t\t\t\n\t\t\t\t\t\t\t\t\t<p class=\"elementor-icon-box-description\">\n\t\t\t\t\t\tUm consultor A\u00e7a\u00ed Sunset vai entrar em contato pelo WhatsApp ou telefone informado no cadastro.\t\t\t\t\t<\/p>\n\t\t\t\t\n\t\t\t<\/div>\n\t\t\t\n\t\t<\/div>\n\t\t\t\t\t\t<\/div>\n\t\t\t\t<\/div>\n\t\t<div class=\"elementor-element elementor-element-7967c86 e-con-full e-flex elementor-invisible e-con e-child\" data-id=\"7967c86\" data-element_type=\"container\" data-e-type=\"container\" data-settings=\"{&quot;background_background&quot;:&quot;classic&quot;,&quot;animation&quot;:&quot;fadeInUp&quot;}\">\n\t\t\t\t<div class=\"elementor-element elementor-element-bc79b33 elementor-widget__width-initial titulomarrom elementor-widget elementor-widget-heading\" data-id=\"bc79b33\" data-element_type=\"widget\" data-e-type=\"widget\" data-widget_type=\"heading.default\">\n\t\t\t\t\t<h1 class=\"elementor-heading-title elementor-size-default\">03<\/h1>\t\t\t\t<\/div>\n\t\t\t\t<div class=\"elementor-element elementor-element-675b6c3 elementor-widget elementor-widget-icon-box\" data-id=\"675b6c3\" data-element_type=\"widget\" data-e-type=\"widget\" data-widget_type=\"icon-box.default\">\n\t\t\t\t\t\t\t<div class=\"elementor-icon-box-wrapper\">\n\n\t\t\t\n\t\t\t\t\t\t<div class=\"elementor-icon-box-content\">\n\n\t\t\t\t\t\t\t\t\t<div class=\"elementor-icon-box-title\">\n\t\t\t\t\t\t<span  >\n\t\t\t\t\t\t\tReuni\u00e3o de apresenta\u00e7\u00e3o\t\t\t\t\t\t<\/span>\n\t\t\t\t\t<\/div>\n\t\t\t\t\n\t\t\t\t\t\t\t\t\t<p class=\"elementor-icon-box-description\">\n\t\t\t\t\t\tVoc\u00ea conhece nossos formatos de franquia, diferenciais exclusivos e tira todas as d\u00favidas antes de assinar.\t\t\t\t\t<\/p>\n\t\t\t\t\n\t\t\t<\/div>\n\t\t\t\n\t\t<\/div>\n\t\t\t\t\t\t<\/div>\n\t\t\t\t<\/div>\n\t\t\t\t<div class=\"elementor-element elementor-element-89b293b cta elementor-align-justify elementor-widget__width-initial elementor-widget elementor-widget-button\" data-id=\"89b293b\" data-element_type=\"widget\" data-e-type=\"widget\" data-widget_type=\"button.default\">\n\t\t\t\t\t\t\t\t\t\t<a class=\"elementor-button elementor-button-link elementor-size-sm elementor-animation-shrink\" href=\"https:\/\/wa.me\/559891245559?text=Ol%C3%A1%2C%20fiz%20o%20meu%20cadastro%20para%20abrir%20uma%20franquea%20e%20estou%20vindo%20da%20pagina%20de%20obrigado.%20\">\n\t\t\t\t\t\t<span class=\"elementor-button-content-wrapper\">\n\t\t\t\t\t\t\t\t\t<span class=\"elementor-button-text\">Chamar no WhatsApp agora<\/span>\n\t\t\t\t\t<\/span>\n\t\t\t\t\t<\/a>\n\t\t\t\t\t\t\t\t<\/div>\n\t\t\t\t<div class=\"elementor-element elementor-element-d0ef98c elementor-widget__width-initial elementor-widget elementor-widget-heading\" data-id=\"d0ef98c\" data-element_type=\"widget\" data-e-type=\"widget\" data-widget_type=\"heading.default\">\n\t\t\t\t\t<h2 class=\"elementor-heading-title elementor-size-default\">Fale diretamente com um consultor\n\n<\/h2>\t\t\t\t<\/div>\n\t\t\t\t<div class=\"elementor-element elementor-element-3f36aa2 elementor-widget-divider--view-line elementor-widget elementor-widget-divider\" data-id=\"3f36aa2\" data-element_type=\"widget\" data-e-type=\"widget\" data-widget_type=\"divider.default\">\n\t\t\t\t\t\t\t<div class=\"elementor-divider\">\n\t\t\t<span class=\"elementor-divider-separator\">\n\t\t\t\t\t\t<\/span>\n\t\t<\/div>\n\t\t\t\t\t\t<\/div>\n\t\t\t\t<div class=\"elementor-element elementor-element-05fdb76 elementor-widget__width-initial elementor-widget elementor-widget-heading\" data-id=\"05fdb76\" data-element_type=\"widget\" data-e-type=\"widget\" data-widget_type=\"heading.default\">\n\t\t\t\t\t<h2 class=\"elementor-heading-title elementor-size-default\">Enquanto isso, nos siga nas redes sociais:<\/h2>\t\t\t\t<\/div>\n\t\t<div class=\"elementor-element elementor-element-ea649c6 e-con-full e-flex e-con e-child\" data-id=\"ea649c6\" data-element_type=\"container\" data-e-type=\"container\">\n\t\t\t\t<div class=\"elementor-element elementor-element-60fee03 cta elementor-align-justify elementor-widget__width-initial elementor-mobile-align-justify elementor-widget elementor-widget-button\" data-id=\"60fee03\" data-element_type=\"widget\" data-e-type=\"widget\" data-widget_type=\"button.default\">\n\t\t\t\t\t\t\t\t\t\t<a class=\"elementor-button elementor-button-link elementor-size-sm elementor-animation-shrink\" href=\"https:\/\/www.instagram.com\/acaisunsetbr\" target=\"_blank\">\n\t\t\t\t\t\t<span class=\"elementor-button-content-wrapper\">\n\t\t\t\t\t\t\t\t\t<span class=\"elementor-button-text\">Instagram<\/span>\n\t\t\t\t\t<\/span>\n\t\t\t\t\t<\/a>\n\t\t\t\t\t\t\t\t<\/div>\n\t\t\t\t<div class=\"elementor-element elementor-element-ee1e01b cta elementor-align-justify elementor-widget__width-initial elementor-mobile-align-justify elementor-widget elementor-widget-button\" data-id=\"ee1e01b\" data-element_type=\"widget\" data-e-type=\"widget\" data-widget_type=\"button.default\">\n\t\t\t\t\t\t\t\t\t\t<a class=\"elementor-button elementor-button-link elementor-size-sm elementor-animation-shrink\" href=\"https:\/\/www.facebook.com\/profile.php?id=100092510000867\" target=\"_blank\">\n\t\t\t\t\t\t<span class=\"elementor-button-content-wrapper\">\n\t\t\t\t\t\t\t\t\t<span class=\"elementor-button-text\">Facebook<\/span>\n\t\t\t\t\t<\/span>\n\t\t\t\t\t<\/a>\n\t\t\t\t\t\t\t\t<\/div>\n\t\t\t\t<\/div>\n\t\t\t\t\t<\/div>\n\t\t\t\t<\/div>\n\t\t<div class=\"elementor-element elementor-element-62eae4c e-con-full e-flex e-con e-child\" data-id=\"62eae4c\" data-element_type=\"container\" data-e-type=\"container\" data-settings=\"{&quot;background_background&quot;:&quot;classic&quot;}\">\n\t\t\t\t<div class=\"elementor-element elementor-element-d69f64b elementor-widget__width-initial elementor-widget elementor-widget-heading\" data-id=\"d69f64b\" data-element_type=\"widget\" data-e-type=\"widget\" data-widget_type=\"heading.default\">\n\t\t\t\t\t<div class=\"elementor-heading-title elementor-size-default\">\u00a9 2026 A\u00e7a\u00ed Sunset. Todos os direitos reservados.  |  contato@acaisunset.com.br  |  (98) 9124-5559<\/div>\t\t\t\t<\/div>\n\t\t\t\t<\/div>\n\t\t\t\t<\/div>\n\t\t","protected":false},"excerpt":{"rendered":"<p>Diferenciais exclusivos: Voc\u00ea deu o primeiro passo para faturar +R$1 milh\u00e3o Nossa equipe comercial j\u00e1 recebeu seu contato e entrar\u00e1 em touch com voc\u00ea em at\u00e9 24 horas com uma proposta personalizada para a sua cidade. 01 An\u00e1lise do seu perfil Vamos revisar suas informa\u00e7\u00f5es e preparar a melhor proposta para a sua cidade e [&hellip;]<\/p>\n","protected":false},"author":2,"featured_media":0,"parent":0,"menu_order":0,"comment_status":"closed","ping_status":"closed","template":"elementor_canvas","meta":{"footnotes":""},"class_list":["post-643","page","type-page","status-publish","hentry"],"_links":{"self":[{"href":"https:\/\/acaisunsetfranquia.com.br\/landingpage\/wp-json\/wp\/v2\/pages\/643","targetHints":{"allow":["GET"]}}],"collection":[{"href":"https:\/\/acaisunsetfranquia.com.br\/landingpage\/wp-json\/wp\/v2\/pages"}],"about":[{"href":"https:\/\/acaisunsetfranquia.com.br\/landingpage\/wp-json\/wp\/v2\/types\/page"}],"author":[{"embeddable":true,"href":"https:\/\/acaisunsetfranquia.com.br\/landingpage\/wp-json\/wp\/v2\/users\/2"}],"replies":[{"embeddable":true,"href":"https:\/\/acaisunsetfranquia.com.br\/landingpage\/wp-json\/wp\/v2\/comments?post=643"}],"version-history":[{"count":64,"href":"https:\/\/acaisunsetfranquia.com.br\/landingpage\/wp-json\/wp\/v2\/pages\/643\/revisions"}],"predecessor-version":[{"id":714,"href":"https:\/\/acaisunsetfranquia.com.br\/landingpage\/wp-json\/wp\/v2\/pages\/643\/revisions\/714"}],"wp:attachment":[{"href":"https:\/\/acaisunsetfranquia.com.br\/landingpage\/wp-json\/wp\/v2\/media?parent=643"}],"curies":[{"name":"wp","href":"https:\/\/api.w.org\/{rel}","templated":true}]}}